is -1 + (-2 - 3 - 0) + 5 - -7?
6
-11 - (-5 + (-6 - -12) - 6)
-6
-1 - -39 - 3 - (5 + 1 + 4)
25
Evaluate 27 + -19 + (-4 - 0 - -12).
16
5 + (-4 + (6 - (7 - 4)) - -12)
16
What is -149 - -153 - (3 - 0)?
1
Evaluate 20 - (11 - (-1 + -1) - (-121 + 126)).
12
Evaluate -4 + -4 + (7 - 14) + 5 - 8.
-18
Evaluate (-9 - 2) + (6 - 1) + -1.
-7
What is the value of (-1 + -5 - (-23 - -16) - -5) + 7?
13
What is the value of -4 + -2 + (4 - 8 - -19) + -12?
-3
Evaluate -16 - (-15 - 11) - (-2 + 3).
9
What is 11 - -10 - (-2 + 12 + 1)?
10
Evaluate 30 - 9 - (-10 + 3 + 2).
26
3 + (2 - 7) - (0 - -3)
-5
Evaluate -6 + (-1 + 3 - (-11 - 5)) + -8.
4
Calculate (121 - 112) + (-1 - -2).
10
Evaluate -1 - 1 - (-6 + -1 - (16 + -26)).
-5
-6 + (-105 - -114) + 1 + -22 + 3
-15
Evaluate 15 - 0 - (-39 - -52).
2
What is the value of -39 + 50 - ((-3 - 2) + -6)?
22
(2 - 2) + 14 + (126 - 116)
24
Evaluate -11 - -17 - -8 - 13.
1
What is -22 + 41 + -38 - 10?
-29
Calculate 4 - (-7 - (-7 + -1 - -16)).
19
Calculate (23 - (18 + -1)) + -9 - -7.
4
What is 7 + -13 + 4 - 0 - -11?
9
Evaluate (-11 - (-14 + -1) - 7) + -1.
-4
Calculate -15 + 13 + (13 - -2) - -5.
18
Calculate -5 + (13 - ((15 - 0) + -5)).
-2
Calculate -8 - (17 + -12 - 0 - 0).
-13
(5 - -1) + (-29 - -27) + 16
20
What is -14 + (0 - 6) + 17?
-3
8 + -20 + 2 + 21
11
Calculate 27 - (5 + (42 - 34)).
14
What is (117 - 110) + (-7 - 2) + 0?
-2
What is the value of (6 - 7) + 7 + -17 + 6 + 6?
1
(3 - (19 + -11)) + 1 + 3
-1
(-1 - 1) + (255 - 268)
-15
8 - -1 - (55 - 55)
9
Evaluate 0 + -22 + (527 - 514).
-9
Evaluate 7 - (5 - 25 - -60).
-33
What is the value of -9 + (54 + -9 - 3 - 13)?
20
Calculate 65 + -45 + -32 + 1.
-11
What is 87 + -97 + 0 + 15?
5
Evaluate 9 - -6 - 26 - 2.
-13
What is (18 + -28 - (-1 - 10)) + (-3 - -19)?
17
1 + (4 - 11) + -14 + 35
15
4 - (-17 + 2 + 38)
-19
What is the value of -12 - (-14 - (-26 - -17))?
-7
Evaluate 1 + -4 + (38 - 22) + -9.
4
-18 + 0 + 2 + 5 + -53 + 51
-13
What is 10 + 0 - (17 - (6 + 4 - 7))?
-4
Calculate -40 - 2 - (-1995 - -1972).
-19
Calculate 2 - (-25 + 2) - 26.
-1
Evaluate -7 - (6 - 9 - (4 + -2)).
-2
Calculate (3 + -3 - -6) + (-4 - 5).
-3
Evaluate (0 - -22) + -23 + 28 + -33 + 16.
10
What is the value of 9 - (-9 + -7 + 14 - -3 - -2)?
6
What is 4 - ((9 - 3) + 3 + -7)?
2
Calculate 12 + -7 + (-22 - (12 - 20)) + 11.
2
What is 15 + -2 + -8 + -12 - -9?
2
-7 + 14 - ((-2 - 7) + 1)
15
Calculate 1 + 5 + -11 + (6 + -9 - -8).
0
(-9 - -4) + (17 - (6 - 20))
26
-9 + (10 - -10) + -17 + 5
-1
Evaluate 17 - (-1 + 19 + -2).
1
(-19 - (-35 + 3)) + 21
34
Evaluate -87 - -33 - (-47 + 20).
-27
Calculate 12 - (251 - 229 - (10 - 0)).
0
What is 4 + (6 - 7 - -43) - 8 - 2?
36
Calculate -4 + 4 + 9 + -1 + -12.
-4
(22 - 18) + 7 + -2
9
What is (388 - 385) + (-4 - 2)?
-3
Calculate -6 + -1 + 3 + 0 + 2 + 0.
-2
Calculate 0 + 10 + -9 + 8 + -2.
7
Calculate 4 + -17 - (-4 + -26).
17
Calculate -34 + 36 - ((8 - 0) + 2).
-8
What is the value of (-9 + 6 - -9) + -11?
-5
(-13 - (9 + (10 - 5))) + 10
-17
Calculate 16 + (31 - 24) + -49.
-26
(8 - (1 - 3)) + -215 + 194
-11
What is the value of 11 + -22 + 17 + 10 + -14?
2
Evaluate (-1 - 1) + 3 + 1 - (-7 - -27).
-18
What is (0 - 3) + (21 - 15) + 3 - 5?
1
8 - (5 + (6 - (-5 + -12)) + 1)
-21
Evaluate -7 + 4 - 1 - -20 - (-5 - -2).
19
33 + -5 + (11 + -4 - -1)
36
Calculate -11 + -44 + 21 + 29.
-5
Evaluate -1 + 7 + (2 - 0) + 4.
12
5 + -4 - (-3 - (7 + -7))
4
What is -4 + 15 + -21 + 0 + -5?
-15
Calculate 24 + 0 + (6 - (8 - 1)).
23
What is the value of 7 + (-9 + 7 - (14 + -2)) + -1?
-8
What is the value of 0 - 25 - -53 - (4 - 1)?
25
Calculate 2 - -8 - (4 - 4 - 2).
12
-14 - -39 - (-4 - -2 - (2 - 7))
22
Calculate -8 - (6 + -4 + -1 + (9 - 9)).
-9
What is 50 + -52 + (-1 - (-5 + 7))?
-5
(2 - 12 - -2 - (-11 + 7)) + 6
2
Calculate (11 - (-10 - 12)) + -56.
-23
(-21 - -20) + -14 + 0 + -1 + 4
-12
-29 + -31 + 47 + 9
-4
What is the value of -1 + 11 - (5 + -20 + 0 + 22)?
3
9 + (9 - 1) + (-109 - -97)
5
What is 74 + -22 - 32 - 35?
-15
Calculate (13 - 10 - 1) + -3 + 22.
21
Evaluate 42 + -25 - (12 + -5) - (-2 - 3).
15
-365 + 388 + -1 + -9
13
Evaluate (-7 - -7 - 3) + (-3 - 3) + 0.
-9
What is the value of (-10 + (11 - -2) - -16) + (2 - 7)?
14
What is 17 + -10 + 13 + -24?
-4
-1229 - -1249 - (47 + -1)
-26
What is the value of (11 - -6) + -17 - (-1 + 0)?
1
Calculate (2 - 8) + -50 + 42 + (-1 - -7).
-8
Evaluate (32 - (-12 - -28)) + -16.
0
What is (-5 - 4) + (38 - 40)?
-11
What is the value of -6 - (0 - (-2 - (11 - 19 - -35)))?
-35
Evaluate -27 + 53 + 5 + (-5 - -2).
28
Evaluate 5 + 6 + -5 - (-3 - 3 - -6).
6
Evaluate -1 + -3 + (-11 - (-9 + 2)) - -22.
14
What is the value of 0 - (3 + 0) - (-476 + 454)?
19
What is the value of -4 + 3 + -4 + (5 - 8) + 13?
5
Calculate -8 - (83 - 71 - (-2 + 17)).
-5
What is -18 + (-3 - 42) + 34?
-29
Evaluate -5 + -5 + (20 - (-1 - -6)) + -9.
-4
Evaluate -1 + 4 - (215 + -187).
-25
Evaluate (-23 + -1 - 1) + (128 - (104 - -31)).
-32
(0 - -3) + -53 - (-52 - -33)
-31
What is 43 + -44 - (-11 + 2)?
8
Calculate 13 + 19 + 0 - 57.
-25
Evaluate -1 + -14 + 25 - 11.
-1
Evaluate -13 + -6 + (-16 - -25).
-10
What is (-1 - -3) + 4 + (-11 - -7) + 1?
3
Evaluate (-16 - (1 - -1 - 9)) + -4.
-13
Evaluate 1 + -13 + -2 + 2 + -286 + 279.
-19
Calculate 10 + 2 + -5 - 2 - 2 - 5.
-2
(-1 - -18) + 8 + -14 + -12
-1
Evaluate 29 + -15 - ((5 - -2 - 2) + 1).
8
Evaluate (-7 - -9) + 3 + -1 - -5.
9
(12 + 1 - (-3 + 39)) + 15
-8
Evaluate -1 - -1 - (-1 + -1 - (135 + -144)).
-7
What is -2 - 1 - (-9 - 2 - -9) - -4?
3
41 - (-14 - (-46 + 4))
13
What is -18 - (-3 - -6) - (331 - 320)?
-32
What is the value of 0 + -3 + (21 - -3) + 46 + -53?
14
What is the value of (3 - -7) + -63 + 73 + (1 - 8)?
13
What is the value of (0 - (-10 - -2)) + 21 + (38 - 59)?
8
What is -240 + 246 - (-1 + 8)?
-1
What is -2 - -21 - (1112 - 1081)?
-12
What is the value of (35 - 40) + -3 + 5?
-3
What is the value of -1 - 10 - (59 + -64) - 20?
-26
What is the value of (-9 - -8 - (0 + -5)) + -16?
-12
8 + (-6 - 3) + -10 + 11
0
What is the value of -9 + (-1 - -8) + (11 + 27 - 10)?
26
(-2 - (6 - 6)) + 1 + -11 - -8
-4
What is 5 + (11 - 16) + -39 + 14?
-25
What is the value of -15 + (24 - -1) + -9?
1
6 - (3 + (-6 - -8) - 6)
7
Calculate -6 + 0 - ((6 - 19) + 7 + 10).
-10
What is 7 + -42 + 5 + 11 + 3?
-16
What is -1 - (-49 + 20 + 28 + 1 + 11)?
-12
(-5 - -12) + -36 + (8 + -19 - 1)
-41
Calculate 57 + -68 - (-1 + 2 - 3).
-9
Evaluate 14 - -10 - (-21 - -54).
-9
What is the value of (0 + -15 + 0 - -30) + (0 - 9)?
6
Calculate -14 - (-2 + -43 - -28).
3
What is 0 + -9 - (-50 + 104 + -56)?
-7
Calculate (7 - 4) + (-12 - -7 - (-17 - -3)).
12
What is the value of (-5 - (-4 - (-7 - (-9 + 0)))) + 10?
11
-8 - (-18 - (0 - 6))
4
What is the value of -6 - ((8 - 10 - 35) + 9)?
22
What is (92 - 69) + 0 + 0 - 19?
4
What is (4 - 0 - 2 - 18) + (-11 - -4)?
-23
Evaluate 18 - (-6 + 12 - (6 - 10)).
8
What is the value of (6 - -9 - 21) + 22?
16
Calculate 28 - 27 - 10 - -7.
-2
Evaluate 21 + (-26 - -39 - 17).
17
What is 19 + -27 + (18 - 0)?
10
What is the value of (-2 + -7 - -18) + -16 - -10?
3
What is the value of (-29 - -29) + (-1 + -8 - (1 - -2))?
-12
What is (-126 - -110) + 0 + 22?
6
Calculate -17 - (-10 - (3 + -3 - 6) - 2).
-11
Evaluate -25 + (33 - 52) + 16.
-28
Calculate 6 + -11 - (-3 + (-3 - (1 + -10))).
-8
Evaluate (-3 - (-13 + 7)) + 6 + -1.
8
What is the value of (4 + -8 - 3) + 4 + -1 - -13?
9
Evaluate 0 + -1 + 10 + -5 + -13.
-9
Calculate (146 - 126) + (-12 - 2).
6
(-39 - -20) + 3 + 18 - 17
-15
Calculate -3 + (-4 - -7) - (14 - 14).
0
Calculate 0 + 3 + -66 + 51.
-12
Evaluate -2 + 0 - 9 - (-695 - -666).
18
Calculate 5 + (0 - -1) + 0 + 2.
8
What is the value of (12 - 13) + -3 + 5 + -6?
-5
What is the value of -26 - (-151 + 163 - (17 - -1))?
-20
What is -75 + 92 - (28 - (-8 - 0))?
-19
What is -8 - (8 + -4 + (-25 - (-6 - -4)))?
11
What is 3 + (7 - -2) - (-160 - -180) - -17?
9
Evaluate (-13 - (33 + -4)) + 33.
-9
What is the value of 0 - -4 - (-9 - (2 + -6) - -2)?
7
What is 3 + (-31 - -27 - (-9 + 1))?
7
Calculate -6 + (-4 + 1 - (7 + -6) - 3).
-13
What is -117 + 92 + (5 - 7 - 9)?
-36
What is the value of 2 + 0 + -2 + -4 + (33 - 9)?
20
What is the value of 8 + (3 - (10 + -7 - -6))?
2
Evaluate 231 + -211 + 0 + -3 - -4.
21
Calculate 9 + -34 + 22 - (-1 - 1).
-1
What is (6 - (17 - 3)) + 3 + 2 + -3?
-6
-7 - 16 - (-60 + 26)
11
Evaluate -1 + 3 + -5 + 10 -